housands digit of 8089243?
9
What is the units digit of 13811419?
9
What is the hundreds digit of 109825?
8
What is the tens digit of 415382?
8
What is the units digit of 1044818?
8
What is the hundreds digit of 209709?
7
What is the units digit of 77752?
2
What is the ten thousands digit of 308140?
0
What is the thousands digit of 4166309?
6
What is the ten thousands digit of 2411697?
1
What is the thousands digit of 1605148?
5
What is the tens digit of 2243269?
6
What is the units digit of 543885?
5
What is the hundred thousands digit of 499470?
4
What is the tens digit of 427949?
4
What is the thousands digit of 2760556?
0
What is the thousands digit of 471102?
1
What is the thousands digit of 845893?
5
What is the units digit of 2171302?
2
What is the ten millions digit of 25366845?
2
What is the ten millions digit of 27054934?
2
What is the hundred thousands digit of 1261827?
2
What is the thousands digit of 71560?
1
What is the ten thousands digit of 30426903?
2
What is the hundreds digit of 329366?
3
What is the thousands digit of 245790?
5
What is the ten thousands digit of 1179741?
7
What is the ten thousands digit of 1382482?
8
What is the hundreds digit of 2206378?
3
What is the units digit of 5611?
1
What is the hundreds digit of 2362523?
5
What is the units digit of 1465511?
1
What is the millions digit of 1478737?
1
What is the millions digit of 3644958?
3
What is the thousands digit of 4042824?
2
What is the thousands digit of 1089630?
9
What is the millions digit of 1181373?
1
What is the hundreds digit of 337689?
6
What is the millions digit of 6577540?
6
What is the tens digit of 7033012?
1
What is the tens digit of 51431?
3
What is the tens digit of 349569?
6
What is the thousands digit of 531484?
1
What is the hundreds digit of 126499?
4
What is the hundred thousands digit of 766030?
7
What is the units digit of 611427?
7
What is the hundreds digit of 7255757?
7
What is the hundred thousands digit of 179815?
1
What is the hundred thousands digit of 521456?
5
What is the tens digit of 3525972?
7
What is the tens digit of 10379706?
0
What is the hundred thousands digit of 9676477?
6
What is the thousands digit of 12290375?
0
What is the thousands digit of 263747?
3
What is the hundred thousands digit of 2489780?
4
What is the thousands digit of 1759148?
9
What is the ten thousands digit of 394419?
9
What is the hundred thousands digit of 7754110?
7
What is the hundreds digit of 416856?
8
What is the thousands digit of 38743?
8
What is the thousands digit of 5005689?
5
What is the units digit of 1757018?
8
What is the ten thousands digit of 2871386?
7
What is the thousands digit of 276675?
6
What is the thousands digit of 42152?
2
What is the ten thousands digit of 2780325?
8
What is the millions digit of 8580387?
8
What is the millions digit of 5480821?
5
What is the tens digit of 6157842?
4
What is the ten thousands digit of 193334?
9
What is the hundreds digit of 278700?
7
What is the tens digit of 1429771?
7
What is the units digit of 1691178?
8
What is the tens digit of 329719?
1
What is the hundred thousands digit of 6098699?
0
What is the hundreds digit of 8441938?
9
What is the thousands digit of 27542071?
2
What is the ten thousands digit of 3107434?
0
What is the thousands digit of 2095099?
5
What is the ten thousands digit of 3430222?
3
What is the ten thousands digit of 1727986?
2
What is the hundreds digit of 4509?
5
What is the tens digit of 6941?
4
What is the hundreds digit of 1683970?
9
What is the thousands digit of 868179?
8
What is the hundred thousands digit of 3661003?
6
What is the thousands digit of 2259141?
9
What is the hundred thousands digit of 216494?
2
What is the hundreds digit of 281373?
3
What is the hundred thousands digit of 111707?
1
What is the hundreds digit of 1626399?
3
What is the ten thousands digit of 284326?
8
What is the hundreds digit of 18740933?
9
What is the ten thousands digit of 62487?
6
What is the units digit of 1093758?
8
What is the hundreds digit of 36947?
9
What is the ten thousands digit of 3366468?
6
What is the tens digit of 1231844?
4
What is the millions digit of 5170961?
5
What is the millions digit of 1733839?
1
What is the units digit of 3425397?
7
What is the millions digit of 1730578?
1
What is the millions digit of 1426993?
1
What is the millions digit of 2950964?
2
What is the thousands digit of 11371177?
1
What is the thousands digit of 709506?
9
What is the millions digit of 2374907?
2
What is the units digit of 88171?
1
What is the thousands digit of 1092766?
2
What is the thousands digit of 7132997?
2
What is the thousands digit of 4376117?
6
What is the hundreds digit of 2163828?
8
What is the units digit of 780015?
5
What is the ten thousands digit of 27197440?
9
What is the ten thousands digit of 19748?
1
What is the hundred thousands digit of 1225587?
2
What is the tens digit of 1199299?
9
What is the millions digit of 2998680?
2
What is the hundreds digit of 348554?
5
What is the hundreds digit of 210571?
5
What is the hundred thousands digit of 481902?
4
What is the units digit of 427196?
6
What is the hundred thousands digit of 6980295?
9
What is the hundred thousands digit of 5101434?
1
What is the ten thousands digit of 199067?
9
What is the thousands digit of 155844?
5
What is the tens digit of 1491471?
7
What is the thousands digit of 484434?
4
What is the ten millions digit of 24587622?
2
What is the tens digit of 3871789?
8
What is the ten thousands digit of 1044658?
4
What is the ten thousands digit of 429266?
2
What is the units digit of 43759?
9
What is the tens digit of 1899379?
7
What is the hundreds digit of 116368?
3
What is the millions digit of 7600831?
7
What is the hundreds digit of 128906?
9
What is the units digit of 700462?
2
What is the tens digit of 14722250?
5
What is the tens digit of 380693?
9
What is the units digit of 2620065?
5
What is the ten thousands digit of 85532?
8
What is the tens digit of 15233?
3
What is the tens digit of 921202?
0
What is the units digit of 265247?
7
What is the tens digit of 3000806?
0
What is the tens digit of 1840214?
1
What is the tens digit of 24116?
1
What is the hundred thousands digit of 2968469?
9
What is the millions digit of 17862390?
7
What is the thousands digit of 199766?
9
What is the ten thousands digit of 878762?
7
What is the thousands digit of 1627779?
7
What is the units digit of 186607?
7
What is the units digit of 219006?
6
What is the tens digit of 887884?
8
What is the thousands digit of 1468104?
8
What is the units digit of 9740?
0
What is the thousands digit of 72994?
2
What is the millions digit of 5119876?
5
What is the hundred thousands digit of 10947590?
9
What is the hundreds digit of 36639714?
7
What is the tens digit of 92983?
8
What is the ten thousands digit of 717667?
1
What is the hundreds digit of 7371094?
0
What is the hundreds digit of 5003357?
3
What is the hundred thousands digit of 253245?
2
What is the hundred thousands digit of 25580857?
5
What is the hundred thousands digit of 5224435?
2
What is the ten thousands digit of 12063631?
6
What is the ten thousands digit of 597231?
9
What is the hundred thousands digit of 2319917?
3
What is the tens digit of 461959?
5
What is the tens digit of 1202626?
2
What is the millions digit of 14136210?
4
What is the ten thousands digit of 9237216?
3
What is the thousands digit of 25310278?
0
What is the ten thousands digit of 620240?
2
What is the tens digit of 36184070?
7
What is the thousands digit of 2958283?
8
What is the units digit of 7585200?
0
What is the units digit of 815483?
3
What is the units digit of 1198?
8
What is the units digit of 894338?
8
What is the ten thousands digit of 68733?
6
What is the hundred thousands digit of 658552?
6
What is the hundreds digit of 1947047?
0
What is the hundred thousands digit of 526867?
5
What is the units digit of 431587?
7
What is the tens digit of 371944?
4
What is the units digit of 9055188?
8
What is the ten thousands digit of 1018537?
1
What is the tens digit of 3801299?
9
What is the units digit of 42206?
6
What is the hundred thousands digit of 3861119?
8
What is the hundred thousands digit of 15554030?
5
What is the ten thousands digit of 24434?
2
Wha